
What is the hundred thousands digit of 192279?
1
What is the ten thousands digit of 4186187?
8
What is the ten thousands digit of 303159?
0
What is the thousands digit of 2503548?
3
What is the tens digit of 209419?
1
What is the tens digit of 3617612?
1
What is the millions digit of 1980153?
1
What is the hundred thousands digit of 1127825?
1
What is the ten thousands digit of 481532?
8
What is the ten thousands digit of 2349616?
4
What is the hundreds digit of 11649?
6
What is the hundred thousands digit of 392989?
3
What is the hundred thousands digit of 5039233?
0
What is the tens digit of 196974?
7
What is the hundreds digit of 652894?
8
What is the units digit of 2574678?
8
What is the ten thousands digit of 1357754?
5
What is the units digit of 3377040?
0
What is the hundreds digit of 1106531?
5
What is the ten thousands digit of 280869?
8
What is the tens digit of 86943?
4
What is the tens digit of 13136456?
5
What is the thousands digit of 323322?
3
What is the ten thousands digit of 5759720?
5
What is the hundred thousands digit of 326183?
3
What is the thousands digit of 5424692?
4
What is the units digit of 105175?
5
What is the units digit of 6833441?
1
What is the hundred thousands digit of 520906?
5
What is the hundred thousands digit of 211569?
2
What is the tens digit of 602572?
7
What is the units digit of 360451?
1
What is the hundred thousands digit of 1242916?
2
What is the hundreds digit of 4585996?
9
What is the tens digit of 12132694?
9
What is the units digit of 12217675?
5
What is the thousands digit of 1601788?
1
What is the millions digit of 1631795?
1
What is the hundred thousands digit of 2256162?
2
What is the thousands digit of 1661488?
1
What is the ten thousands digit of 22392607?
9
What is the ten millions digit of 19358370?
1
What is the hundred thousands digit of 499457?
4
What is the hundred thousands digit of 206947?
2
What is the ten thousands digit of 3420429?
2
What is the hundred thousands digit of 20149717?
1
What is the hundred thousands digit of 11012042?
0
What is the ten thousands digit of 2631096?
3
What is the thousands digit of 4061709?
1
What is the tens digit of 235484?
8
What is the hundreds digit of 534281?
2
What is the units digit of 2902845?
5
What is the units digit of 5102226?
6
What is the ten thousands digit of 236947?
3
What is the hundred thousands digit of 605313?
6
What is the tens digit of 245541?
4
What is the units digit of 49646?
6
What is the units digit of 19492416?
6
What is the thousands digit of 9247263?
7
What is the thousands digit of 331778?
1
What is the thousands digit of 254544?
4
What is the hundreds digit of 3065?
0
What is the units digit of 189856?
6
What is the thousands digit of 14855676?
5
What is the thousands digit of 172847?
2
What is the tens digit of 16389218?
1
What is the units digit of 4456?
6
What is the hundred thousands digit of 4885081?
8
What is the ten thousands digit of 451962?
5
What is the hundred thousands digit of 6973425?
9
What is the ten thousands digit of 392212?
9
What is the ten thousands digit of 516036?
1
What is the units digit of 342050?
0
What is the hundreds digit of 18541819?
8
What is the units digit of 327086?
6
What is the hundreds digit of 77576?
5
What is the units digit of 308369?
9
What is the units digit of 15631118?
8
What is the thousands digit of 242481?
2
What is the millions digit of 1826030?
1
What is the hundreds digit of 5155378?
3
What is the units digit of 4380578?
8
What is the tens digit of 486751?
5
What is the units digit of 125071?
1
What is the units digit of 21620677?
7
What is the hundreds digit of 2356032?
0
What is the hundred thousands digit of 10806094?
8
What is the millions digit of 1339774?
1
What is the thousands digit of 3727916?
7
What is the hundred thousands digit of 757747?
7
What is the ten thousands digit of 128326?
2
What is the units digit of 989045?
5
What is the ten millions digit of 14711146?
1
What is the tens digit of 752672?
7
What is the tens digit of 65520?
2
What is the hundreds digit of 247364?
3
What is the hundred thousands digit of 23556159?
5
What is the units digit of 93272?
2
What is the hundreds digit of 8575637?
6
What is the hundreds digit of 52362?
3
What is the ten thousands digit of 301336?
0
What is the ten thousands digit of 2526526?
2
What is the tens digit of 251391?
9
What is the tens digit of 105120?
2
What is the thousands digit of 885074?
5
What is the hundreds digit of 13882946?
9
What is the units digit of 2123822?
2
What is the units digit of 693794?
4
What is the tens digit of 1282117?
1
What is the hundreds digit of 2217537?
5
What is the ten thousands digit of 5324492?
2
What is the tens digit of 9591?
9
What is the thousands digit of 2621319?
1
What is the hundred thousands digit of 18187085?
1
What is the tens digit of 612548?
4
What is the thousands digit of 49952?
9
What is the thousands digit of 6992451?
2
What is the thousands digit of 2909429?
9
What is the ten thousands digit of 102151?
0
What is the tens digit of 8812162?
6
What is the thousands digit of 25484848?
4
What is the ten thousands digit of 932018?
3
What is the units digit of 4092128?
8
What is the thousands digit of 576133?
6
What is the hundreds digit of 463716?
7
What is the hundreds digit of 462789?
7
What is the thousands digit of 1453276?
3
What is the thousands digit of 553573?
3
What is the units digit of 73664?
4
What is the thousands digit of 11415350?
5
What is the thousands digit of 237026?
7
What is the hundred thousands digit of 402598?
4
What is the thousands digit of 225897?
5
What is the hundreds digit of 982052?
0
What is the ten thousands digit of 82753?
8
What is the thousands digit of 7050118?
0
What is the ten thousands digit of 132543?
3
What is the hundred thousands digit of 360134?
3
What is the ten thousands digit of 354583?
5
What is the tens digit of 571284?
8
What is the units digit of 4962439?
9
What is the hundreds digit of 20272958?
9
What is the hundreds digit of 1936676?
6
What is the tens digit of 1532275?
7
What is the hundreds digit of 1648532?
5
What is the ten thousands digit of 113916?
1
What is the ten thousands digit of 2285998?
8
What is the tens digit of 2069428?
2
What is the millions digit of 7034343?
7
What is the hundreds digit of 141424?
4
What is the hundred thousands digit of 11915833?
9
What is the ten thousands digit of 130709?
3
What is the tens digit of 2933293?
9
What is the units digit of 1019926?
6
What is the ten thousands digit of 7976739?
7
What is the ten thousands digit of 678285?
7
What is the hundred thousands digit of 26810805?
8
What is the hundred thousands digit of 144650?
1
What is the tens digit of 930613?
1
What is the thousands digit of 298335?
8
What is the hundreds digit of 1198987?
9
What is the hundred thousands digit of 1880869?
8
What is the units digit of 174272?
2
What is the millions digit of 16863987?
6
What is the units digit of 1078192?
2
What is the ten thousands digit of 584495?
8
What is the thousands digit of 17962036?
2
What is the tens digit of 158440?
4
What is the units digit of 148120?
0
What is the units digit of 2122591?
1
What is the tens digit of 91296?
9
What is the thousands digit of 835207?
5
What is the ten thousands digit of 587456?
8
What is the tens digit of 9388627?
2
What is the thousands digit of 35706?
5
What is the units digit of 2282251?
1
What is the thousands digit of 7976919?
6
What is the hundred thousands digit of 879986?
8
What is the thousands digit of 189198?
9
What is the tens digit of 1375092?
9
What is the ten thousands digit of 18875574?
7
What is the tens digit of 19255311?
1
What is the units digit of 1569699?
9
What is the ten thousands digit of 31715?
3
What is the hundred thousands digit of 3405932?
4
What is the tens digit of 586333?
3
What is the tens digit of 951752?
5
What is the millions digit of 4455881?
4
What is the tens digit of 97180?
8
What is the tens digit of 5148726?
2
What is the ten thousands digit of 4883686?
8
What is the units digit of 315064?
4
What is the hundreds digit of 12535724?
7
What is the thousands digit of 165396?
5
What is the hundred thousands digit of 1705841?
7
What is the hundred thousands digit of 1627147?
6
Wha